[INFO] fetching crate schemafy 0.5.1...
[INFO] checking schemafy-0.5.1 against try#72f88fc4e9458f89516a0b8b0868f3718aec5b47 for pr-74989
[INFO] extracting crate schemafy 0.5.1 into /workspace/builds/worker-1/source
[INFO] validating manifest of crates.io crate schemafy 0.5.1 on toolchain 72f88fc4e9458f89516a0b8b0868f3718aec5b47
[INFO] running `Command { std: "/workspace/cargo-home/bin/cargo" "+72f88fc4e9458f89516a0b8b0868f3718aec5b47" "read-manifest" "--manifest-path" "Cargo.toml", kill_on_drop: false }`
[INFO] started tweaking crates.io crate schemafy 0.5.1
[INFO] finished tweaking crates.io crate schemafy 0.5.1
[INFO] tweaked toml for crates.io crate schemafy 0.5.1 written to /workspace/builds/worker-1/source/Cargo.toml
[INFO] crate crates.io crate schemafy 0.5.1 already has a lockfile, it will not be regenerated
[INFO] running `Command { std: "/workspace/cargo-home/bin/cargo" "+72f88fc4e9458f89516a0b8b0868f3718aec5b47" "fetch" "--locked" "--manifest-path" "Cargo.toml", kill_on_drop: false }`
[INFO] running `Command { std: "docker" "create" "-v" "/var/lib/crater-agent-workspace/builds/worker-1/target:/opt/rustwide/target:rw,Z" "-v" "/var/lib/crater-agent-workspace/builds/worker-1/source:/opt/rustwide/workdir:ro,Z" "-v" "/var/lib/crater-agent-workspace/cargo-home:/opt/rustwide/cargo-home:ro,Z" "-v" "/var/lib/crater-agent-workspace/rustup-home:/opt/rustwide/rustup-home:ro,Z" "-e" "SOURCE_DIR=/opt/rustwide/workdir" "-e" "CARGO_TARGET_DIR=/opt/rustwide/target" "-e" "CARGO_HOME=/opt/rustwide/cargo-home" "-e" "RUSTUP_HOME=/opt/rustwide/rustup-home" "-w" "/opt/rustwide/workdir" "-m" "1610612736" "--user" "0:0" "--network" "none" "rustops/crates-build-env@sha256:d92eaeed33fa75130ca1ee6c8a01d1ffb62bac859dfdfb3450e3e5d1c0146529" "/opt/rustwide/cargo-home/bin/cargo" "+72f88fc4e9458f89516a0b8b0868f3718aec5b47" "metadata" "--no-deps" "--format-version=1", kill_on_drop: false }`
[INFO] [stderr] WARNING: Your kernel does not support swap limit capabilities or the cgroup is not mounted. Memory limited without swap.
[INFO] [stdout] d5c0333b4a719f2f7dd5a5ec2a262c6365618ae65f48c042e14bcf79176003c7
[INFO] running `Command { std: "docker" "start" "-a" "d5c0333b4a719f2f7dd5a5ec2a262c6365618ae65f48c042e14bcf79176003c7", kill_on_drop: false }`
[INFO] running `Command { std: "docker" "inspect" "d5c0333b4a719f2f7dd5a5ec2a262c6365618ae65f48c042e14bcf79176003c7", kill_on_drop: false }`
[INFO] running `Command { std: "docker" "rm" "-f" "d5c0333b4a719f2f7dd5a5ec2a262c6365618ae65f48c042e14bcf79176003c7", kill_on_drop: false }`
[INFO] [stdout] d5c0333b4a719f2f7dd5a5ec2a262c6365618ae65f48c042e14bcf79176003c7
[INFO] running `Command { std: "docker" "create" "-v" "/var/lib/crater-agent-workspace/builds/worker-1/target:/opt/rustwide/target:rw,Z" "-v" "/var/lib/crater-agent-workspace/builds/worker-1/source:/opt/rustwide/workdir:ro,Z" "-v" "/var/lib/crater-agent-workspace/cargo-home:/opt/rustwide/cargo-home:ro,Z" "-v" "/var/lib/crater-agent-workspace/rustup-home:/opt/rustwide/rustup-home:ro,Z" "-e" "SOURCE_DIR=/opt/rustwide/workdir" "-e" "CARGO_TARGET_DIR=/opt/rustwide/target" "-e" "CARGO_INCREMENTAL=0" "-e" "RUST_BACKTRACE=full" "-e" "RUSTFLAGS=--cap-lints=forbid" "-e" "CARGO_HOME=/opt/rustwide/cargo-home" "-e" "RUSTUP_HOME=/opt/rustwide/rustup-home" "-w" "/opt/rustwide/workdir" "-m" "1610612736" "--user" "0:0" "--network" "none" "rustops/crates-build-env@sha256:d92eaeed33fa75130ca1ee6c8a01d1ffb62bac859dfdfb3450e3e5d1c0146529" "/opt/rustwide/cargo-home/bin/cargo" "+72f88fc4e9458f89516a0b8b0868f3718aec5b47" "check" "--frozen" "--all" "--all-targets" "--message-format=json", kill_on_drop: false }`
[INFO] [stdout] 10150e8a8ae587322a4d0114f746ca5f22e71426dc5b6e3482761834aedfd94f
[INFO] [stderr] WARNING: Your kernel does not support swap limit capabilities or the cgroup is not mounted. Memory limited without swap.
[INFO] running `Command { std: "docker" "start" "-a" "10150e8a8ae587322a4d0114f746ca5f22e71426dc5b6e3482761834aedfd94f", kill_on_drop: false }`
[INFO] [stderr] warning: feature `generate-tests` is not present in [features] section.
[INFO] [stderr] warning: feature `generate-tests` is not present in [features] section.
[INFO] [stderr] warning: feature `generate-tests` is not present in [features] section.
[INFO] [stderr]    Compiling syn v1.0.33
[INFO] [stderr]    Compiling unicode-xid v0.2.1
[INFO] [stderr]    Compiling memchr v2.3.3
[INFO] [stderr]    Compiling serde_derive v1.0.114
[INFO] [stderr]    Compiling serde_json v1.0.56
[INFO] [stderr]     Checking itoa v0.4.6
[INFO] [stderr]    Compiling lazy_static v1.4.0
[INFO] [stderr]     Checking regex-syntax v0.6.18
[INFO] [stderr]     Checking thread_local v1.0.1
[INFO] [stderr]    Compiling ryu v1.0.5
[INFO] [stderr]     Checking proc-macro2 v1.0.18
[INFO] [stderr]    Compiling aho-corasick v0.7.13
[INFO] [stderr]    Compiling quote v1.0.7
[INFO] [stderr]    Compiling regex v1.3.9
[INFO] [stderr]    Compiling Inflector v0.11.4
[INFO] [stderr]    Compiling serde_repr v0.1.6
[INFO] [stderr]     Checking serde v1.0.114
[INFO] [stderr]     Checking schemafy_core v0.5.1
[INFO] [stderr]     Checking schemafy_lib v0.5.1
[INFO] [stderr]     Checking schemafy v0.5.1 (/opt/rustwide/workdir)
[INFO] [stdout] error[E0583]: file not found for module `test_suite`
[INFO] [stdout]  --> tests/json_schema_test_suite.rs:9:1
[INFO] [stdout]   |
[INFO] [stdout] 9 | mod test_suite;
[INFO] [stdout]   | ^^^^^^^^^^^^^^^
[INFO] [stdout]   |
[INFO] [stdout]   = help: to create the module `test_suite`, create file "tests/test_suite.rs"
[INFO] [stdout] 
[INFO] [stdout] 
[INFO] [stderr] error: could not compile `schemafy`.
[INFO] [stdout] error: aborting due to previous error
[INFO] [stdout] 
[INFO] [stdout] 
[INFO] [stderr] 
[INFO] [stdout] For more information about this error, try `rustc --explain E0583`.
[INFO] [stdout] 
[INFO] [stderr] To learn more, run the command again with --verbose.
[INFO] [stderr] warning: build failed, waiting for other jobs to finish...
[INFO] [stdout] error: proc macro panicked
[INFO] [stdout]  --> tests/test.rs:6:1
[INFO] [stdout]   |
[INFO] [stdout] 6 | / schemafy::schemafy!(
[INFO] [stdout] 7 | |     root: Schema
[INFO] [stdout] 8 | |     "schemafy_lib/src/schema.json"
[INFO] [stdout] 9 | | );
[INFO] [stdout]   | |__^
[INFO] [stdout]   |
[INFO] [stdout]   = help: message: Unable to read `/opt/rustwide/workdir/schemafy_lib/src/schema.json`: No such file or directory (os error 2)
[INFO] [stdout] 
[INFO] [stdout] 
[INFO] [stdout] error[E0412]: cannot find type `Schema` in this scope
[INFO] [stdout]   --> tests/test.rs:11:34
[INFO] [stdout]    |
[INFO] [stdout] 11 | fn schema_exists(schema: Option<&Schema>) {
[INFO] [stdout]    |                                  ^^^^^^ not found in this scope
[INFO] [stdout]    |
[INFO] [stdout] help: consider importing this struct
[INFO] [stdout]    |
[INFO] [stdout] 1  | use schemafy_lib::Schema;
[INFO] [stdout]    |
[INFO] [stdout] 
[INFO] [stdout] 
[INFO] [stdout] error[E0412]: cannot find type `SimpleTypes` in this scope
[INFO] [stdout]   --> tests/test.rs:17:29
[INFO] [stdout]    |
[INFO] [stdout] 17 | fn types_exists(_: Option<(&SimpleTypes, PositiveInteger)>) {}
[INFO] [stdout]    |                             ^^^^^^^^^^^ not found in this scope
[INFO] [stdout]    |
[INFO] [stdout] help: consider importing this enum
[INFO] [stdout]    |
[INFO] [stdout] 1  | use schemafy_lib::SimpleTypes;
[INFO] [stdout]    |
[INFO] [stdout] 
[INFO] [stdout] 
[INFO] [stdout] error[E0412]: cannot find type `PositiveInteger` in this scope
[INFO] [stdout]   --> tests/test.rs:17:42
[INFO] [stdout]    |
[INFO] [stdout] 17 | fn types_exists(_: Option<(&SimpleTypes, PositiveInteger)>) {}
[INFO] [stdout]    |                -                         ^^^^^^^^^^^^^^^ not found in this scope
[INFO] [stdout]    |                |
[INFO] [stdout]    |                help: you might be missing a type parameter: `<PositiveInteger>`
[INFO] [stdout] 
[INFO] [stdout] 
[INFO] [stdout] error[E0282]: type annotations needed
[INFO] [stdout]   --> tests/test.rs:21:19
[INFO] [stdout]    |
[INFO] [stdout] 21 |     schema_exists(None);
[INFO] [stdout]    |                   ^^^^ cannot infer type for type parameter `T` declared on the enum `Option`
[INFO] [stdout] 
[INFO] [stdout] 
[INFO] [stdout] error: aborting due to 5 previous errors
[INFO] [stdout] 
[INFO] [stdout] 
[INFO] [stdout] Some errors have detailed explanations: E0282, E0412.
[INFO] [stdout] 
[INFO] [stdout] For more information about an error, try `rustc --explain E0282`.
[INFO] [stdout] 
[INFO] [stderr] error: build failed
[INFO] running `Command { std: "docker" "inspect" "10150e8a8ae587322a4d0114f746ca5f22e71426dc5b6e3482761834aedfd94f", kill_on_drop: false }`
[INFO] running `Command { std: "docker" "rm" "-f" "10150e8a8ae587322a4d0114f746ca5f22e71426dc5b6e3482761834aedfd94f", kill_on_drop: false }`
[INFO] [stdout] 10150e8a8ae587322a4d0114f746ca5f22e71426dc5b6e3482761834aedfd94f
